194 - 176)
-11
Calculate -4 - (4 + -6 - (-1 - -3)).
0
What is the value of 5 + (-3 + -15 + 7 + 10 - 1)?
3
Calculate 2 + -8 + ((-14 - -22) + -3 - -5).
4
-20 + 1 - (11 + 13 + -28)
-15
What is (-32 - (-19 - 54)) + -35?
6
Evaluate ((9 - (-2 - -2)) + -4 - 4) + -5.
-4
-4 + 14 + -9 + 6 + -1 + -2
4
Calculate (-35 - -67) + -56 + 6.
-18
Calculate 11 - (3 + (-20 - -16 - -23)).
-11
(-38 - (44 - 73)) + 12 + 1
4
What is the value of 18 + (-1 - 4) + -9?
4
-10 + (7 - -9) + 13
19
Calculate 8 + -27 + 53 - 29.
5
Evaluate 2 + -25 - (-571 - -517).
31
(-3 - (-2 - -7)) + (2 - -1)
-5
Evaluate -1 + (-1 - (-14 + 7)).
5
Evaluate 29 - (-23 + 40) - 23.
-11
What is the value of (8 - (20 - (21 - 11))) + -3?
-5
What is 5 + 17 + (95 - 104)?
13
9 + (2 - 8 - (17 + -31))
17
What is 14 + 3 - (-20 - -29 - (3 + 1))?
12
What is (-5 + 29 - (-4 - -16)) + 10?
22
-7 + 23 + -8 + (0 - 4 - 1)
3
What is the value of (4 - 3) + (0 - -1) - (-15 + 25)?
-8
What is 60 - 31 - (17 - 5)?
17
What is the value of (21 + -10 + 1 - 14) + (-6 - -1)?
-7
What is the value of (-13 - (-10 - 23)) + -7?
13
Calculate (59 - 27) + 1 - 65.
-32
20 - 21 - (-12 + 1) - 13 - 28
-31
What is the value of -13 + -3 + -15 + 12?
-19
What is -77 + 81 + (-28 - 0)?
-24
Calculate (-14 - (-8 - -1) - 12) + 53.
34
What is the value of (-9 - -5) + -1 + -58 + 55?
-8
10 - (105 - 110 - (16 + -1))
30
Calculate (45 - 62) + 2 + (-6 - (-3 + 2)).
-20
38 + (-35 + 15 - 5)
13
Evaluate 19 - (10 + 1 - 6) - -7.
21
54 + -2 + -25 + 4
31
What is 59 - 55 - (10 + 2)?
-8
Calculate -9 + (0 - -25) - -3 - 22.
-3
Evaluate 9 + (5 - 0) + (-13 - -11).
12
What is (-3 - 4 - 0) + (-12 - (2 + -13))?
-8
27 + (9 - -6) + 10 + -21
31
What is the value of 12 - (7 + (-17 - -20))?
2
-1 - 18 - 1 - (2197 + -2204)
-13
What is the value of 6 + (8 - (15 + -7)) + 4?
10
Calculate 1 + (-70 + 44 - 14).
-39
What is -19 + -13 + 5 + 33?
6
What is (14 - (10 - -7) - 7) + 0?
-10
What is -14 + (17 - 3) - 13?
-13
Calculate -28 + (-18 - (10 - (-18 + 42))).
-32
Evaluate (3 - (20 - (6 + 4))) + -24 + -1.
-32
-88 - -71 - (-8 - 0)
-9
Calculate (-26 + 52 - 19) + (-2 - 1).
4
Calculate -5 + -11 + 5 - -8.
-3
What is the value of (81 + -85 - (1 - 1)) + 11?
7
Evaluate 13 - (35 - (-4 - -20)).
-6
Evaluate -3 - -14 - (33 - 41).
19
1 + -1 + -5 - (-51 - -47)
-1
What is 18 + (5 - 14 - (11 - (5 + 6)))?
9
13 - (-18 - (4 + -32))
3
What is -786 + 807 + 3 + -8?
16
Evaluate 134 + -157 + 1 + 22.
0
71 + -63 - (5 + -14 - -48)
-31
(10 + 10 - 21) + 6
5
What is -2 + 2 + -4 - ((-12 - 5) + 28)?
-15
Calculate 0 + 1 + (19 - (-19 - -31)).
8
Calculate -1 + -2 + (-14 - -27) + (-40 - -3).
-27
Calculate 0 + (-2 - (-10 - 7)).
15
Evaluate -8 + 1 + 82 + -88.
-13
What is the value of 4 + -12 + -13 + 24 - 6 - -14?
11
1 + 19 + (195 - 198)
17
Evaluate 0 + -12 + (525 - 517).
-4
What is 4 - ((-3 + 4 - 7) + 15 + -10)?
5
What is (-8 - (16 + -21)) + 36?
33
0 + 35 - ((41 - 113) + 89)
18
Calculate -1 - (10 + -8 + -2) - -4.
3
Evaluate 16 - 3 - 0 - 22.
-9
Evaluate 24 + -22 - (0 - (3 + 5)).
10
Evaluate -23 + 9 + 8 + 2.
-4
What is (12 - 2) + -27 - -32?
15
What is the value of -20 - (-18 - (5 + -9))?
-6
What is the value of -1 + (0 - 0) + (91 - 90)?
0
-1 + (9 - 3) + -14
-9
What is the value of -1 - (3 + -3) - (-22 + 1 + 6)?
14
Evaluate (-22 - -9 - -1) + 14.
2
19 - ((-7 - 0) + 32 + -29 + -3)
26
Calculate (12 - (4 - -7)) + 19 + 6.
26
What is the value of 15 + -4 + (-252 - -244)?
3
-9 - (11 + -6 + -19)
5
-1 + 3 + -2 - (-18 + (-10 - -37))
-9
Evaluate (-34 - -2) + (343 - 279).
32
What is 21 + (-4 - 23) + -2 + -4 + 1?
-11
32 + (-34 - (-6 + -21))
25
Evaluate -15 - (18 - 28) - (-6 + 0).
1
What is 28 + 47 + -15 + -28?
32
(-4 - (0 - (3 - 7)) - -10) + 11
13
Evaluate -82 - -87 - (10 + 11).
-16
Evaluate -6 - 43 - -37 - 7.
-19
Calculate -13 - (4 + -1) - (-50 - -37).
-3
Evaluate -3 - 3 - (75 + -78) - 12.
-15
Evaluate (127 - 122) + 0 + 2 + 1 - 29.
-21
Calculate 9 + -1 - (2 - 4) - (-741 + 750).
1
What is the value of -6 - -18 - 6 - (0 + 6 + -3)?
3
What is the value of (-5 - (-9 + 7)) + 3 + -9?
-9
-19 + -6 + 14 + 14
3
361 - 381 - (4 + -1)
-23
What is (-34 - -117) + -17 - 35?
31
What is the value of 0 - ((-4 - -27) + (-3 - 4))?
-16
Evaluate (-9 - (-1 - -1)) + 8 + -2 + 0.
-3
Calculate 19 - ((-15 - (-12 - -6)) + 17).
11
Calculate -17 - (-6 + (14 - -1) + 0 - 18).
-8
Evaluate -14 + (12 + 6 - -2).
6
What is (233 - 237) + (1 - 4)?
-7
Evaluate (9 - -3) + (0 - -3) + -13.
2
Calculate (-5 + 8 - -11 - (1 + 7)) + -22.
-16
Evaluate (-130 - -122) + (4 + 12 - -1).
9
What is the value of ((-1 - -4) + 0 + -4 - -7) + 3?
9
Evaluate -10 - 3 - (-26 - -16).
-3
Calculate -9 + -13 + 26 + -2.
2
Evaluate 1 - 9 - ((16 - 51) + 33).
-6
Evaluate (-12 - -19) + 0 + 3 + -3.
7
Evaluate (-24 + 26 - 14) + -2 + 15.
1
Evaluate (-11 + -22 - -24) + 3 - (-11 + 0).
5
Calculate 13 + (-11 - (6 - 2)) + 30.
28
What is 117 + -89 + -16 + 2?
14
Evaluate -1 - -13 - (-108 - -110) - 5.
5
Evaluate -2 + -6 + (-4 - (29 + -35)).
-6
What is 11 - (-2 + 0) - (5 + 1 + -2)?
9
What is 13 - (5 - 7 - (-1 + -5))?
9
What is -133 - -106 - (0 - 3 - 11)?
-13
What is the value of (-32 - -5) + 22 + 3?
-2
What is -22 - (-27 + (16 - 9))?
-2
Calculate 0 + 3 + (13 + -8 - 12).
-4
Calculate -31 + 17 + -2 - -12.
-4
15 + (12 - 16 - 10)
1
Evaluate (-2 - 6) + (4 - (8 - -16)).
-28
Evaluate -5 + (0 - 9 - (113 + -116)).
-11
2 + (37 - 2) + -164 + 151
24
What is the value of -3 - (-3 + 7 + -5 + -5)?
3
What is the value of -1 + 27 - (-175 + 219)?
-18
1 + 15 + -27 - (2 - -3)
-16
What is -42 + -14 + 97 + -25?
16
0 - -1 - (-9 + 0 + 18)
-8
(-7 - -4) + (-4 - 1) + -334 + 336
-6
Evaluate (2 + -10 - (7 + -7 + -6)) + -1.
-3
Evaluate 2 - 0 - (26 - 9).
-15
Evaluate 1 + -9 + 8 + -2 - 1.
-3
Evaluate 0 - 3 - (-10 + 2 + (28 - 23)).
0
Calculate 16 + (-7 - (18 - 21)).
12
What is the value of -24 + 28 - (-7 - 3)?
14
What is (6 + -16 - -29) + -4?
15
-29 + (0 + 6 - -7) + -11
-27
What is (-1 - -10) + 1 - (1 - 1)?
10
What is -40 - (-56 + 22 + 2)?
-8
(-34 - -22 - (9 - 17)) + (-2 - 1)
-7
What is -15 + -3 + (-15 - -52)?
19
What is the value of -24 + 15 + -12 + 20?
-1
-21 + -26 + 11 + 9
-27
Calculate (48 - -40) + -65 + (-5 - -1).
19
Calculate 0 + -16 + 0 + -12 + 21.
-7
9 - (-12 + 4 - (-1 + 9))
25
Calculate 9 + -4 - (-5 - (-6 + -3) - 9).
10
What is (-4 - 12 - -10) + -4?
-10
Evaluate -1 + (0 + 3 - 8) + -2.
-8
(16 - 35) + (6 - -1)
-12
What is -16 - (-4 + (-1 - 2) - (-43 + 42))?
-10
Evaluate (76 - 82) + -7 + 2 + 36.
25
What is the value of (42 - 0) + 350 + -360?
32
Evaluate 17 + (18 - (-13 + 43)).
5
Evaluate 6 - (-2 - (-18 + 15)) - 13.
-8
What is -1 - -15 - (-327 - -336)?
5
What is the value of -2 + -1 - (-4 + 9 - (23 + -25))?
-10
Calculate -11 - (-28 + 11 + 4).
2
23 + -10 - (-139 - -133)
19
Calculate -7 + 20 + -15 + 2 + (0 - -11).
11
What is 17 + -9 + -4 + 6?
10
Evaluate 9 + 19 + -29 + (1 - -30).
30
Calculate -11 - (-6 - (-3 - -5)).
-3
54 - (-27 + 11) - 48
22
Calculate 16 - -23 - (10 - -9).
20
-2 + 2 - (-15 - (4 - 48))
-29
What is the value of (-9 - (13 - 4) - -27) + 2 + -1?
10
-40 + 22 + 22 - -9
13
What is the value of 50 + -19 - 27 - 23?
-19
What is 17 + (-11 - 4) - -6?
8
What is the value of (-5 + 17 + -14 - -8) + -1 + -2?
3
What is 28 - (-29 - (-50 + 22))?
29
Calculate (-9 - (-3 - -1) - (67 + -45)) + 10.
-19
Calculate -14 + 2 - (15 - 11 - -6).
-22
What is the value of (-11 - (-3 - 9)) + (12 - (-4 + 2))?
15
Calculate -66 + 31 + (-4 - -26).
-13
What is the value of 12 + 1 + (-49 - -14 - -18)?
-4
Calculate -47 + (29 - -8 - 23).
-33
What is the value of (22 - 4) + -72 + (-1 - -23)?
-32
1 - 10 - (-9 + (-32 - (-15 + 5)))
22
What is 4 + (-4 - (23 + -13))?
-10
0 + 4 + 3 + -14 - -3
-4
(-11 - (11 - (12 - 4))) + 0
-14
Calculate (-298 - -291) + (-19 - (6 - 3)).
-29
-20 + (2 - ((20 - 16) + 6))
-28
Evaluate (-49 - 1) + -22 + 17 + -5 + 21.
-39
Evaluate (47 + -50 - -47) + -14 + -1.
29
Calculate -12 - -4 - (-15 + 0 + 5).
2
Calculate -8 + 17 + -7 + -3 + 8 + -5.
2
(22 - 22) + (1 - -4 - -6)
11
What is -70 - -19 - -47 - (5 + -3 + 3)?
-9
What is the value of 5 + 7 + 7 + -8 + 2 + -9?
4
Evaluate -3 - (2 + (6 - 9) - 5) - -5.
8
What is -8 - 3 - (17 + -17)?
-11
What is (11 - (21 - 18)) + 20?
28
19 + (-8 - (-1 + 0 + -8))
20
Calculate 5 + -1 + 3 + -1 + -3 - 0.
3
What is 9 + (12 - 5) + -9 + -7?
0
Calculate 9 + (0 + 7 - 4) + -9 + 5.
8
What is the value of -42 + (38 - -6) + -20 + 1?
-17
What is the 